{"id":15619,"date":"2015-07-31T09:17:37","date_gmt":"2015-07-31T12:17:37","guid":{"rendered":"https:\/\/escolaeasyway.com.br\/site\/?page_id=15619"},"modified":"2025-10-22T16:45:44","modified_gmt":"2025-10-22T19:45:44","slug":"parceiros","status":"publish","type":"page","link":"https:\/\/escolaeasyway.com.br\/site\/parceiros\/","title":{"rendered":"Parceiros"},"content":{"rendered":"<div class=\"wpb-content-wrapper\">[vc_row][vc_column][vc_single_image image=&#8221;15620&#8243; img_size=&#8221;1100&#215;466&#8243; qode_css_animation=&#8221;element_from_fade&#8221; transition_delay=&#8221;0.1&#8243;][vc_empty_space height=&#8221;1em&#8221;][vc_column_text]<strong>Parcerias<\/strong> s\u00e3o fundamentais para <strong>complementar<\/strong> nosso conte\u00fado e proporcionar mais <strong>efici\u00eancia<\/strong> em nosso material did\u00e1tico.<\/p>\n<p>Abaixo os <strong>endere\u00e7os<\/strong> de nossos parceiros.[\/vc_column_text][vc_column_text css=&#8221;&#8221;]<strong><a href=\"https:\/\/test-english.com\">Test-English<\/a><\/strong> &#8211; Take your learning with you!<\/p>\n<p><strong><a href=\"https:\/\/listeninenglish.com\">Listen In English<\/a><\/strong> &#8211; Listening and Studying activities from TV, movies, news and etc<\/p>\n<p><strong><a href=\"https:\/\/www.bbc.co.uk\/learningenglish\/english\/home\" target=\"_blank\" rel=\"noopener\">BBC Aprenda Ingl\u00eas<\/a><\/strong> &#8211; BBC Aprenda Ingl\u00eas \u00e9 um segmento de aprendizagem da BBC (Reino Unido) para ensinar ingl\u00eas para os <strong>falantes de portugu\u00eas<\/strong>. O conte\u00fado \u00e9 rico em v\u00eddeo, texto estrangeiro e tradu\u00e7\u00e3o em portugu\u00eas.<\/p>\n<p><strong><a href=\"http:\/\/learningenglish.voanews.com\/\" target=\"_blank\" rel=\"noopener\">Voa News<\/a><\/strong> &#8211; Site relacionado com<strong> temas atuais<\/strong> da cultura norte americana.<\/p>\n<p><strong><a href=\"http:\/\/www.nytimes.com\/\" target=\"_blank\" rel=\"noopener\">New York Times<\/a><\/strong> &#8211; The New York Times \u00e9 <strong>mais importante<\/strong> jornal nos USA.<\/p>\n<p><strong><a href=\"https:\/\/www.washingtonpost.com\/\" target=\"_blank\" rel=\"noopener\">Washington Post<\/a><\/strong> &#8211; The Washington Post \u00e9 o <strong>jornal pol\u00edtico<\/strong> mais importante do USA.<\/p>\n<p><strong><a href=\"http:\/\/www.bbc.com\/news\" target=\"_blank\" rel=\"noopener\">BBC News<\/a><\/strong> &#8211; BBC News \u00e9 o principal meio de not\u00edcias do <strong>Reino Unido<\/strong>.<\/p>\n<p><strong><a href=\"http:\/\/www.youtube.com\/user\/rachelsenglish\" target=\"_blank\" rel=\"noopener\">Rachel&#8217;s<\/a><a href=\"http:\/\/www.youtube.com\/user\/rachelsenglish\" target=\"_blank\" rel=\"noopener\"> English <\/a><\/strong>&#8211; Professora de ingl\u00eas nos USA especializada em <strong>pron\u00fancia<\/strong>.<\/p>\n<p><strong><a href=\"http:\/\/www.eslpod.com\/website\/index_new.html\" target=\"_blank\" rel=\"noopener\">English as a Second Language<\/a> <\/strong>&#8211; Site <strong>contempor\u00e2nio<\/strong> com <a href=\"https:\/\/pt.wikipedia.org\/wiki\/Podcasting\" target=\"_blank\" rel=\"noopener\">podcasting<\/a> do cotidiano.<\/p>\n<p><strong><a href=\"https:\/\/www.ted.com\/\" target=\"_blank\" rel=\"noopener\">TED<\/a>\u00a0<\/strong>&#8211; Site <strong>multim\u00eddia<\/strong> com v\u00e1rios v\u00eddeos de apresenta\u00e7\u00f5es ao p\u00fablico.<\/p>\n<p><strong><a href=\"https:\/\/tinytexts.wordpress.com\/\" target=\"_blank\" rel=\"noopener\">Tiny Texts<\/a><\/strong> &#8211; Site contendo <strong>pequenos textos<\/strong> com \u00e1udio.<\/p>\n<p><strong><a href=\"http:\/\/www.aprendendoingles.com.br\/\" target=\"_blank\" rel=\"noopener\">English for Reading<\/a><\/strong> &#8211; Site que disponibiliza <strong>diariamente<\/strong> pequeno texto com \u00e1udio.<\/p>\n<p><strong><a href=\"http:\/\/pt.youglish.com\/\" target=\"_blank\" rel=\"noopener\">YouGlish<\/a><\/strong> &#8211; Site especializado na busca de v\u00eddeos com a frase desejada, falada por nativos. \u00d3timo para <strong>melhorar a pron\u00fancia<\/strong> em Ingl\u00eas.<\/p>\n<p><a href=\"https:\/\/en.tv-bee.com\/\" target=\"_blank\" rel=\"noopener\"><strong>TVBee<\/strong><\/a> &#8211; Site focado em not\u00edcias sobre filmes e cultura pop.<\/p>\n<p><a href=\"https:\/\/en.tv-bee.com\/40-maps-of-america-that-will-make-you-question-everything-yo\" target=\"_blank\" rel=\"noopener\"><strong>TVBeen 40 Maps Of America<\/strong><\/a> &#8211; N\u00f3ticia do site TVBee sobre diversos assuntos sobre os estados da am\u00e9rica.[\/vc_column_text][\/vc_column][\/vc_row]\n<\/div>","protected":false},"excerpt":{"rendered":"<p>[vc_row][vc_column][vc_single_image image=&#8221;15620&#8243; img_size=&#8221;1100&#215;466&#8243; qode_css_animation=&#8221;element_from_fade&#8221; transition_delay=&#8221;0.1&#8243;][vc_empty_space height=&#8221;1em&#8221;][vc_column_text]Parcerias s\u00e3o fundamentais para complementar nosso conte\u00fado e proporcionar mais efici\u00eancia em nosso material did\u00e1tico. Abaixo os endere\u00e7os de nossos parceiros.[\/vc_column_text][vc_column_text css=&#8221;&#8221;]Test-English &#8211; Take your learning with you! Listen In English &#8211; Listening and Studying activities from TV, movies, news&#8230;<\/p>\n","protected":false},"author":2,"featured_media":0,"parent":0,"menu_order":0,"comment_status":"closed","ping_status":"closed","template":"","meta":{"_exactmetrics_skip_tracking":false,"_exactmetrics_sitenote_active":false,"_exactmetrics_sitenote_note":"","_exactmetrics_sitenote_category":0,"footnotes":""},"class_list":["post-15619","page","type-page","status-publish","hentry"],"_links":{"self":[{"href":"https:\/\/escolaeasyway.com.br\/site\/wp-json\/wp\/v2\/pages\/15619","targetHints":{"allow":["GET"]}}],"collection":[{"href":"https:\/\/escolaeasyway.com.br\/site\/wp-json\/wp\/v2\/pages"}],"about":[{"href":"https:\/\/escolaeasyway.com.br\/site\/wp-json\/wp\/v2\/types\/page"}],"author":[{"embeddable":true,"href":"https:\/\/escolaeasyway.com.br\/site\/wp-json\/wp\/v2\/users\/2"}],"replies":[{"embeddable":true,"href":"https:\/\/escolaeasyway.com.br\/site\/wp-json\/wp\/v2\/comments?post=15619"}],"version-history":[{"count":0,"href":"https:\/\/escolaeasyway.com.br\/site\/wp-json\/wp\/v2\/pages\/15619\/revisions"}],"wp:attachment":[{"href":"https:\/\/escolaeasyway.com.br\/site\/wp-json\/wp\/v2\/media?parent=15619"}],"curies":[{"name":"wp","href":"https:\/\/api.w.org\/{rel}","templated":true}]}}