{"id":15466,"date":"2015-07-18T14:48:48","date_gmt":"2015-07-18T17:48:48","guid":{"rendered":"https:\/\/escolaeasyway.com.br\/site\/?page_id=15466"},"modified":"2015-07-18T15:02:18","modified_gmt":"2015-07-18T18:02:18","slug":"a-escola","status":"publish","type":"page","link":"https:\/\/escolaeasyway.com.br\/site\/quem-somos\/a-escola\/","title":{"rendered":"A Escola"},"content":{"rendered":"<div class=\"wpb-content-wrapper\">[vc_row][vc_column width=&#8221;1\/1&#8243;][vc_single_image image=&#8221;15386&#8243; alignment=&#8221;center&#8221; border_color=&#8221;grey&#8221; img_link_target=&#8221;_self&#8221; img_size=&#8221;1100&#215;466&#8243; qode_css_animation=&#8221;element_from_fade&#8221; transition_delay=&#8221;0.1&#8243;][vc_empty_space height=&#8221;1em&#8221;][vc_column_text]A <strong>Escola Easy Way<\/strong> nasceu do sonho de um jovem que um dia foi ao cinema e que durante a exibi\u00e7\u00e3o do filme <a href=\"https:\/\/en.wikipedia.org\/wiki\/Roller_Boogie\" target=\"_blank\"><em><strong>Roller Boogie<\/strong><\/em><\/a>, decidiu que iria morar nos <strong><a href=\"https:\/\/pt.wikipedia.org\/wiki\/Estados_Unidos\" target=\"_blank\">Estados Unidos da Am\u00e9rica<\/a><\/strong>.<\/p>\n<p>Antes que isso realmente se tornasse real, precisava falar Ingl\u00eas. Essa necessidade de aprendizado conduziu o jovem \u00e0 uma escola especializada no ensino de idiomas. Ele ficou maravilhado com o universo que se abriu a sua frente desde ent\u00e3o. Foram exp\u00eariencias maravilhosas at\u00e9 realmente se concretizar a sua primeira viagem e estada nos <a href=\"https:\/\/pt.wikipedia.org\/wiki\/Estados_Unidos\" target=\"_blank\"><em><strong>States<\/strong><\/em><\/a>.<\/p>\n<p>Ap\u00f3s algumas idas e vindas a terra do <em><strong><a href=\"https:\/\/pt.wikipedia.org\/wiki\/Tio_Sam\" target=\"_blank\">Uncle Sam<\/a><\/strong><\/em>, j\u00e1 com uma gama consider\u00e1vel de conhecimento e hist\u00f3rias para contar, ele decide que era momento de transmitir a outros a maravilha que \u00e9 poder utilizar na mais nobre acep\u00e7\u00e3o da frase: <em><strong>I speak english.<\/strong><\/em><\/p>\n<p>O prazer de se comunicar em outro idioma que n\u00e3o o seu nativo, como tamb\u00e9m o leque imenso de <strong>oportunidades<\/strong> e chances para aqueles que fazem uso da l\u00edngua inglesa no dia-a-dia.<\/p>\n<p>Contamos hoje com uma <strong>Escola<\/strong> estruturada para o ensino de idiomas no mais alto n\u00edvel de ensino, sendo o <strong>material did\u00e1tico<\/strong> utlizado totalmente virtual, dessa forma, estamos contribuindo de maneira positiva para o meio ambiente, com a diminui\u00e7\u00e3o do consumo de papel e assim evitando o corte de milh\u00f5es de \u00e1rvores todos os dias.<\/p>\n<p>Mas a hist\u00f3ria da Escola Easy Way n\u00e3o est\u00e1 completa, de maneira alguma, ela \u00e9 escrita e contada todos os dias, na <strong>sala de aula<\/strong>, no <strong>grupo de viagem<\/strong>, e, se voc\u00ea quer saber mais e participar dela venha para a Escola que com certeza ser\u00e1 uma experi\u00eancia maravilhosa, igual ou melhor do que aquela tarde de domingo no cinema.[\/vc_column_text][vc_empty_space height=&#8221;3em&#8221;][\/vc_column][\/vc_row]\n<\/div>","protected":false},"excerpt":{"rendered":"<p>[vc_row][vc_column width=&#8221;1\/1&#8243;][vc_single_image image=&#8221;15386&#8243; alignment=&#8221;center&#8221; border_color=&#8221;grey&#8221; img_link_target=&#8221;_self&#8221; img_size=&#8221;1100&#215;466&#8243; qode_css_animation=&#8221;element_from_fade&#8221; transition_delay=&#8221;0.1&#8243;][vc_empty_space height=&#8221;1em&#8221;][vc_column_text]A Escola Easy Way nasceu do sonho de um jovem que um dia foi ao cinema e que durante a exibi\u00e7\u00e3o do filme Roller Boogie, decidiu que iria morar nos Estados Unidos da Am\u00e9rica. Antes que&#8230;<\/p>\n","protected":false},"author":2,"featured_media":0,"parent":15384,"menu_order":0,"comment_status":"open","ping_status":"open","template":"","meta":{"_exactmetrics_skip_tracking":false,"_exactmetrics_sitenote_active":false,"_exactmetrics_sitenote_note":"","_exactmetrics_sitenote_category":0,"footnotes":""},"class_list":["post-15466","page","type-page","status-publish","hentry"],"_links":{"self":[{"href":"https:\/\/escolaeasyway.com.br\/site\/wp-json\/wp\/v2\/pages\/15466","targetHints":{"allow":["GET"]}}],"collection":[{"href":"https:\/\/escolaeasyway.com.br\/site\/wp-json\/wp\/v2\/pages"}],"about":[{"href":"https:\/\/escolaeasyway.com.br\/site\/wp-json\/wp\/v2\/types\/page"}],"author":[{"embeddable":true,"href":"https:\/\/escolaeasyway.com.br\/site\/wp-json\/wp\/v2\/users\/2"}],"replies":[{"embeddable":true,"href":"https:\/\/escolaeasyway.com.br\/site\/wp-json\/wp\/v2\/comments?post=15466"}],"version-history":[{"count":0,"href":"https:\/\/escolaeasyway.com.br\/site\/wp-json\/wp\/v2\/pages\/15466\/revisions"}],"up":[{"embeddable":true,"href":"https:\/\/escolaeasyway.com.br\/site\/wp-json\/wp\/v2\/pages\/15384"}],"wp:attachment":[{"href":"https:\/\/escolaeasyway.com.br\/site\/wp-json\/wp\/v2\/media?parent=15466"}],"curies":[{"name":"wp","href":"https:\/\/api.w.org\/{rel}","templated":true}]}}