{"id":15378,"date":"2015-05-16T18:58:30","date_gmt":"2015-05-16T21:58:30","guid":{"rendered":"https:\/\/escolaeasyway.com.br\/site\/?page_id=15378"},"modified":"2019-05-17T08:55:32","modified_gmt":"2019-05-17T11:55:32","slug":"contatos","status":"publish","type":"page","link":"https:\/\/escolaeasyway.com.br\/site\/contatos\/","title":{"rendered":"Contatos"},"content":{"rendered":"<div class=\"wpb-content-wrapper\">[vc_row][vc_column][vc_column_text]\n<h2 style=\"text-align: center;\">Onde Estamos<\/h2>\n[\/vc_column_text][vc_separator type=&#8221;small&#8221; up=&#8221;24&#8243; down=&#8221;29&#8243;][vc_gmaps link=&#8221;#E-8_JTNDaWZyYW1lJTIwc3JjJTNEJTIyaHR0cHMlM0ElMkYlMkZ3d3cuZ29vZ2xlLmNvbSUyRm1hcHMlMkZlbWJlZCUzRnBiJTNEJTIxMW0xOCUyMTFtMTIlMjExbTMlMjExZDM2NzkuODM4NTkwNDY5NDczNyUyMTJkLTQ3LjY0NTk2OSUyMTNkLTIyLjczNDI0JTIxMm0zJTIxMWYwJTIxMmYwJTIxM2YwJTIxM20yJTIxMWkxMDI0JTIxMmk3NjglMjE0ZjEzLjElMjEzbTMlMjExbTIlMjExczB4OTRjNjMxMDA5YTYxODJkMyUyNTNBMHgzNGRhYzc4ODgyMTc5NzNhJTIxMnNSLiUyQkZsb3JpYW5vJTJCUGVpeG90byUyNTJDJTJCMTQ5MCUyQi0lMkJDZW50cm8lMjUyQyUyQlBpcmFjaWNhYmElMkItJTJCU1AlMjUyQyUyQjEzNDAwLTUyMCUyMTVlMCUyMTNtMiUyMTFzcHQtQlIlMjEyc2JyJTIxNHYxNDMxODEyNTU2MTYxJTIyJTIwd2lkdGglM0QlMjIxMDAlMjUlMjIlMjBoZWlnaHQlM0QlMjI0NTAlMjIlMjBmcmFtZWJvcmRlciUzRCUyMjAlMjIlMjBzdHlsZSUzRCUyMmJvcmRlciUzQTAlMjIlM0UlM0MlMkZpZnJhbWUlM0U=&#8221; size=&#8221;350&#8243;][vc_empty_space height=&#8221;3em&#8221;][vc_row_inner][vc_column_inner width=&#8221;1\/2&#8243;][vc_column_text]\n<h3 style=\"text-align: center;\">Informa\u00e7\u00f5es<\/h3>\n[\/vc_column_text][vc_separator type=&#8221;small&#8221; up=&#8221;24&#8243; down=&#8221;29&#8243;][vc_column_text]\n<h6 style=\"text-align: left;\">Seu contato \u00e9 muito importante para n\u00f3s. Agrademos seu interesse.<\/h6>\n<p>Preenche o formul\u00e1rio que responderemos o mais breve poss\u00edvel.<\/p>\n<p>&nbsp;<\/p>\n<p><strong>Escola Easy Way<\/strong><br \/>\nRua Floriano Peixoto, 1490 &#8211; Alto<br \/>\nPiracicaba\/SP<br \/>\nTelefone:\u00a0(19)\u00a0<a href=\"tel:33011784\">3301.1784<\/a><br \/>\nCelular: <a href=\"tel:996819496\">9.9681.9496<\/a> (VIVO)<br \/>\nE-mail: <a href=\"mailto:rosni@escolaeasyway.com.br\">rosni@escolaeasyway.com.br<\/a><\/p>\n<p>&nbsp;<\/p>\n<p><strong>Hor\u00e1rio de Atendimento<\/strong><br \/>\nSegunda \u00e0 Sexta-feira: 17h30 \u00e0s 22h30<br \/>\nS\u00e1bado: 8h00 \u00e0s 15h[\/vc_column_text][vc_empty_space height=&#8221;3em&#8221;][\/vc_column_inner][vc_column_inner width=&#8221;1\/2&#8243;][vc_column_text]\n<h3 style=\"text-align: center;\">Formul\u00e1rio<\/h3>\n[\/vc_column_text][vc_separator type=&#8221;small&#8221; up=&#8221;24&#8243; down=&#8221;29&#8243;][vc_column_text]\n<p style=\"text-align: left;\">\n<div class=\"wpcf7 no-js\" id=\"wpcf7-f15377-o1\" lang=\"pt-BR\" dir=\"ltr\" data-wpcf7-id=\"15377\">\n<div class=\"screen-reader-response\"><p role=\"status\" aria-live=\"polite\" aria-atomic=\"true\"><\/p> <ul><\/ul><\/div>\n<form action=\"\/site\/wp-json\/wp\/v2\/pages\/15378#wpcf7-f15377-o1\" method=\"post\" class=\"wpcf7-form init\" aria-label=\"Formul\u00e1rios de contato\" novalidate=\"novalidate\" data-status=\"init\">\n<div style=\"display: none;\">\n<input type=\"hidden\" name=\"_wpcf7\" value=\"15377\" \/>\n<input type=\"hidden\" name=\"_wpcf7_version\" value=\"6.0.6\" \/>\n<input type=\"hidden\" name=\"_wpcf7_locale\" value=\"pt_BR\" \/>\n<input type=\"hidden\" name=\"_wpcf7_unit_tag\" value=\"wpcf7-f15377-o1\" \/>\n<input type=\"hidden\" name=\"_wpcf7_container_post\" value=\"0\" \/>\n<input type=\"hidden\" name=\"_wpcf7_posted_data_hash\" value=\"\" \/>\n<\/div>\n<p><span class=\"wpcf7-form-control-wrap\" data-name=\"your-name\"><input size=\"40\" maxlength=\"400\" class=\"wpcf7-form-control wpcf7-text wpcf7-validates-as-required\" aria-required=\"true\" aria-invalid=\"false\" placeholder=\"Nome*\" value=\"\" type=\"text\" name=\"your-name\" \/><\/span><br \/>\n<span class=\"wpcf7-form-control-wrap\" data-name=\"your-email\"><input size=\"40\" maxlength=\"400\" class=\"wpcf7-form-control wpcf7-email wpcf7-validates-as-required wpcf7-text wpcf7-validates-as-email\" aria-required=\"true\" aria-invalid=\"false\" placeholder=\"E-mail*\" value=\"\" type=\"email\" name=\"your-email\" \/><\/span><br \/>\n<span class=\"wpcf7-form-control-wrap\" data-name=\"your-phone\"><input size=\"40\" maxlength=\"400\" class=\"wpcf7-form-control wpcf7-text\" aria-invalid=\"false\" placeholder=\"Telefone\" value=\"\" type=\"text\" name=\"your-phone\" \/><\/span><br \/>\n<span class=\"wpcf7-form-control-wrap\" data-name=\"your-message\"><textarea cols=\"40\" rows=\"10\" maxlength=\"2000\" class=\"wpcf7-form-control wpcf7-textarea\" aria-invalid=\"false\" placeholder=\"Messagem*\" name=\"your-message\"><\/textarea><\/span>\n<\/p>\n<div style=\"float: right; width: 100%; margin-bottom: 15px\">\n\t<p>[recaptcha]\n\t<\/p>\n<\/div>\n<div style=\"display: none\">\n\t<p><span class=\"wpcf7-form-control-wrap\" data-name=\"your-subject\"><input size=\"40\" maxlength=\"400\" class=\"wpcf7-form-control wpcf7-text\" aria-invalid=\"false\" value=\"Contato\" type=\"text\" name=\"your-subject\" \/><\/span>\n\t<\/p>\n<\/div>\n<p>(*) Campos com preenchimento obrigat\u00f3rio.\n<\/p>\n<p><input class=\"wpcf7-form-control wpcf7-submit has-spinner btn btn-primary\" type=\"submit\" value=\"enviar\" \/>\n<\/p><div class=\"wpcf7-response-output\" aria-hidden=\"true\"><\/div>\n<\/form>\n<\/div>\n\n[\/vc_column_text][\/vc_column_inner][\/vc_row_inner][\/vc_column][\/vc_row]\n<\/div>","protected":false},"excerpt":{"rendered":"<p>[vc_row][vc_column][vc_column_text] Onde Estamos [\/vc_column_text][vc_separator type=&#8221;small&#8221; up=&#8221;24&#8243; down=&#8221;29&#8243;][vc_gmaps link=&#8221;#E-8_JTNDaWZyYW1lJTIwc3JjJTNEJTIyaHR0cHMlM0ElMkYlMkZ3d3cuZ29vZ2xlLmNvbSUyRm1hcHMlMkZlbWJlZCUzRnBiJTNEJTIxMW0xOCUyMTFtMTIlMjExbTMlMjExZDM2NzkuODM4NTkwNDY5NDczNyUyMTJkLTQ3LjY0NTk2OSUyMTNkLTIyLjczNDI0JTIxMm0zJTIxMWYwJTIxMmYwJTIxM2YwJTIxM20yJTIxMWkxMDI0JTIxMmk3NjglMjE0ZjEzLjElMjEzbTMlMjExbTIlMjExczB4OTRjNjMxMDA5YTYxODJkMyUyNTNBMHgzNGRhYzc4ODgyMTc5NzNhJTIxMnNSLiUyQkZsb3JpYW5vJTJCUGVpeG90byUyNTJDJTJCMTQ5MCUyQi0lMkJDZW50cm8lMjUyQyUyQlBpcmFjaWNhYmElMkItJTJCU1AlMjUyQyUyQjEzNDAwLTUyMCUyMTVlMCUyMTNtMiUyMTFzcHQtQlIlMjEyc2JyJTIxNHYxNDMxODEyNTU2MTYxJTIyJTIwd2lkdGglM0QlMjIxMDAlMjUlMjIlMjBoZWlnaHQlM0QlMjI0NTAlMjIlMjBmcmFtZWJvcmRlciUzRCUyMjAlMjIlMjBzdHlsZSUzRCUyMmJvcmRlciUzQTAlMjIlM0UlM0MlMkZpZnJhbWUlM0U=&#8221; size=&#8221;350&#8243;][vc_empty_space height=&#8221;3em&#8221;][vc_row_inner][vc_column_inner width=&#8221;1\/2&#8243;][vc_column_text] Informa\u00e7\u00f5es [\/vc_column_text][vc_separator type=&#8221;small&#8221; up=&#8221;24&#8243; down=&#8221;29&#8243;][vc_column_text] Seu contato \u00e9 muito importante para n\u00f3s. Agrademos seu interesse. Preenche o formul\u00e1rio que responderemos o mais breve poss\u00edvel. &nbsp; Escola Easy Way Rua Floriano Peixoto, 1490 &#8211; Alto&#8230;<\/p>\n","protected":false},"author":2,"featured_media":0,"parent":0,"menu_order":0,"comment_status":"closed","ping_status":"closed","template":"","meta":{"_exactmetrics_skip_tracking":false,"_exactmetrics_sitenote_active":false,"_exactmetrics_sitenote_note":"","_exactmetrics_sitenote_category":0,"footnotes":""},"class_list":["post-15378","page","type-page","status-publish","hentry"],"_links":{"self":[{"href":"https:\/\/escolaeasyway.com.br\/site\/wp-json\/wp\/v2\/pages\/15378","targetHints":{"allow":["GET"]}}],"collection":[{"href":"https:\/\/escolaeasyway.com.br\/site\/wp-json\/wp\/v2\/pages"}],"about":[{"href":"https:\/\/escolaeasyway.com.br\/site\/wp-json\/wp\/v2\/types\/page"}],"author":[{"embeddable":true,"href":"https:\/\/escolaeasyway.com.br\/site\/wp-json\/wp\/v2\/users\/2"}],"replies":[{"embeddable":true,"href":"https:\/\/escolaeasyway.com.br\/site\/wp-json\/wp\/v2\/comments?post=15378"}],"version-history":[{"count":0,"href":"https:\/\/escolaeasyway.com.br\/site\/wp-json\/wp\/v2\/pages\/15378\/revisions"}],"wp:attachment":[{"href":"https:\/\/escolaeasyway.com.br\/site\/wp-json\/wp\/v2\/media?parent=15378"}],"curies":[{"name":"wp","href":"https:\/\/api.w.org\/{rel}","templated":true}]}}